- 2380*p - 7110. Give b(-3).
30
Let y(m) = 150*m**2 - 1094*m - 17348. Give y(15).
-8
Let k(u) = -u**2 - 1538*u - 19. What is k(0)?
-19
Let g(f) = -2930890*f - 64479580. Give g(-22).
0
Let a(l) = -1154*l**2 - 19629*l - 214. What is a(-17)?
-27
Let p(v) = -6*v**3 + 4626*v**2 - 30*v + 23133. Calculate p(771).
3
Let u(y) = -504*y**2 - 14110*y + 44. Calculate u(-28).
-12
Let r(v) = -6*v**3 + 5353*v**2 - 968*v + 67777. Give r(892).
-15
Let i(u) = 18384*u + 1121432. What is i(-61)?
8
Let o(i) = -44*i**2 - 1112*i - 298. What is o(-25)?
2
Let m(z) = 3*z**3 - 263*z**2 - 6586*z - 222. Calculate m(108).
-6
Let k(p) = 6452*p + 116122. Calculate k(-18).
-14
Let a(n) = -n**2 + 12163*n - 966627. Give a(80).
13
Let u(f) = -2332*f**2 - 14008*f - 96. Calculate u(-6).
0
Let p(v) = 286*v + 2047. Give p(-7).
45
Let b(m) = -8*m**3 + 6*m**2 + 176*m - 9. Calculate b(5).
21
Let j(i) = -i**3 - 80*i**2 + 510*i - 528. What is j(-86)?
-12
Let o(t) = -3*t**2 - 572*t + 12424. Determine o(20).
-216
Let l(j) = -85*j - 1301. Give l(-15).
-26
Let h(q) = -q**3 + 12*q**2 + 36*q + 1258. Calculate h(18).
-38
Let y(a) = 59*a + 223. What is y(2)?
341
Let r(f) = -f**3 - 415*f**2 - 2688*f - 3171. What is r(-5)?
19
Let r(m) = -17*m**3 + 25*m**2 + 93*m - 124. Calculate r(1).
-23
Let w(x) = 9720*x - 2041207. Give w(210).
-7
Let i(o) = 1766*o**2 - 15891*o - 13. Calculate i(9).
14
Let t(w) = -w**2 - 42*w + 74948. Determine t(253).
313
Let d(x) = 2*x**3 + 395*x**2 + 2*x - 1. Give d(0).
-1
Let s(z) = -409*z - 908. Calculate s(-2).
-90
Let s(j) = -35777*j + 214848. What is s(6)?
186
Let w(d) = 8*d**2 + 177*d + 2347. Calculate w(-16).
1563
Let s(k) = 2*k**2 + 10320*k + 20646. Calculate s(-2).
14
Let h(n) = n**3 + 34*n**2 - 162*n - 6143. Give h(-33).
292
Let r(q) = -298*q + 7819. What is r(29)?
-823
Let v(s) = -20*s**3 + 362*s**2 - 441*s + 7292. What is v(18)?
2
Let y(v) = -5*v**2 - 67*v + 17487. Calculate y(53).
-109
Let q(n) = 946*n + 13318. Determine q(-14).
74
Let y(d) = 6978*d + 203328. Determine y(-29).
966
Let o(l) = -297*l + 22200. Give o(73).
519
Let j(z) = 7*z**2 + 191*z + 203. Calculate j(-27).
149
Let f(i) = 197*i - 4422. Determine f(21).
-285
Let d(b) = -2*b**2 - 59*b - 211. Give d(-38).
-857
Let m(g) = g**3 + 79*g**2 + 1127*g - 824. What is m(-60)?
-44
Let m(a) = a**2 - 31*a - 7268. Determine m(104).
324
Let d(u) = 3693*u**2 - 25881*u + 202. Calculate d(7).
-8
Let r(t) = -240*t**2 + 1415*t + 112. Determine r(6).
-38
Let s(h) = -2*h**2 + 17*h - 56. Calculate s(4).
-20
Let g(a) = -95*a**2 + 1521*a + 55. Calculate g(16).
71
Let d(y) = -240*y + 1264. Give d(13).
-1856
Let s(z) = -z**3 - 190*z**2 - 1100*z + 247. Give s(-184).
-489
Let j(f) = 16*f**2 - 94*f - 2956. What is j(-11)?
14
Let d(j) = 29*j - 904. Give d(-4).
-1020
Let x(i) = -i**3 + 2*i**2 + 70229*i - 1355. Determine x(266).
-25
Let c(x) = x**3 - 98*x**2 + 145*x + 4555. Calculate c(96).
43
Let d(z) = z**2 + 81*z - 1167. Determine d(-44).
-2795
Let j(v) = -12022*v + 412. Determine j(0).
412
Let d(h) = -18408*h + 110549. Give d(6).
101
Let w(z) = z**3 + 19*z**2 + 129*z + 806. Calculate w(-14).
-20
Let b(y) = -235*y**2 + 6130*y - 514. Give b(26).
6
Let d(k) = k**2 + 2*k - 36853. Determine d(-193).
10
Let k(h) = h**2 + 39247*h + 313865. Calculate k(-8).
-47
Let k(s) = 100*s - 1828. Determine k(10).
-828
Let a(l) = -l**2 - 593*l - 90437. What is a(-338)?
-4247
Let t(n) = -2*n**2 - 124*n + 6571. Calculate t(34).
43
Let i(g) = -7*g**2 - 4436*g - 46717. Calculate i(-623).
8
Let p(o) = o**2 + 413*o + 41302. Determine p(-159).
916
Let q(r) = 6*r**2 + 77*r - 171. Give q(2).
7
Let d(v) = 882*v**2 + 156*v - 313. Determine d(2).
3527
Let n(k) = 1473726*k - 1473734. Calculate n(1).
-8
Let u(k) = 6815*k + 41853. Calculate u(-6).
963
Let f(j) = j**3 - 46*j**2 - 640*j + 733. Calculate f(57).
-8
Let v(p) = 4*p**3 - 30*p**2 + 2848*p - 13991. What is v(5)?
-1
Let l(v) = 5*v**2 - 41564*v - 582868. Calculate l(-14).
8
Let f(s) = 1378*s + 1079044. Determine f(-783).
70
Let s(d) = -1078*d**3 - 11857*d**2 - 54*d - 710. What is s(-11)?
5
Let f(m) = 17369*m**2 + 156275*m + 2. Calculate f(-9).
416
Let b(h) = -128*h - 4102. Give b(-26).
-774
Let r(i) = 4*i**2 + 289*i + 3488. Determine r(-15).
53
Let t(g) = g**3 + 64*g**2 - 1100*g + 3986. What is t(9)?
-1
Let p(d) = -10782*d - 237278. Determine p(-22).
-74
Let p(s) = s**3 - 51*s**2 + 73*s + 2707. What is p(49)?
1482
Let a(x) = -175*x + 95721. Determine a(547).
-4
Let s(w) = -4374*w**2 + 157456*w + 76. What is s(36)?
-212
Let a(d) = d**3 + 40*d**2 + 278*d + 1597. Calculate a(-33).
46
Let y(j) = -27*j**2 - 452*j + 5351. Determine y(8).
7
Let f(j) = -2*j**2 + 360*j - 9483. What is f(32)?
-11
Let i(k) = 33272*k - 132027. Calculate i(4).
1061
Let y(q) = -127662*q + 1404298. Determine y(11).
16
Let l(a) = -10*a**3 + 4*a**2 - 92*a - 46. Calculate l(6).
-2614
Let x(z) = -2*z**3 - 485*z**2 - 102*z + 33868. Determine x(-242).
-12
Let p(z) = -2*z**3 + 209*z**2 - 91*z - 1085. Give p(104).
267
Let f(w) = -w**3 + 101*w**2 - 1574*w + 1310. Give f(82).
-2
Let o(k) = 2*k**2 - 8153*k + 4142999. What is o(595)?
14
Let y(o) = -21*o**3 + 519*o**2 + 30*o - 1439. Give y(25).
-4439
Let p(t) = 50*t**2 + 4296*t - 13705. What is p(-89)?
1
Let i(n) = -155194*n - 776028. Give i(-5).
-58
Let w(n) = -1384*n + 140684. Give w(102).
-484
Let j(l) = 24*l**2 - 221007*l + 221008. Calculate j(1).
25
Let f(v) = 4*v**3 + 2*v**2 - 39*v - 66. Calculate f(-2).
-12
Let h(y) = -304*y + 11928. Give h(42).
-840
Let r(t) = 17*t**3 - 48*t**2 + t. Determine r(-3).
-894
Let w(v) = -607*v - 44651. What is w(-73)?
-340
Let z(d) = 10*d**3 - 1691*d**2 - 1530*d - 60. Give z(170).
-60
Let w(c) = -489*c - 214193. What is w(-438)?
-11
Let q(y) = -y**2 + 197*y + 36303. What is q(-116)?
-5
Let u(t) = -t**3 + 4*t**2 + 142*t + 225. Calculate u(-8).
-143
Let g(k) = -k**3 + 37*k**2 + 1731*k + 85. Give g(-27).
4
Let m(w) = 109*w**2 + 12895*w + 99. Calculate m(-118).
-3795
Let q(c) = 8*c**2 + 177*c - 1022. Give q(5).
63
Let j(s) = -2*s**2 - 280*s + 6222. Determine j(20).
-178
Let m(g) = -11*g**3 + 813*g**2 - 2280*g + 174196. Calculate m(74).
0
Let x(b) = 313*b + 34779. Determine x(-101).
3166
Let k(l) = 4*l**2 + 903*l + 32411. Calculate k(-181).
12
Let f(z) = -403*z - 45985. Give f(-114).
-43
Let y(k) = -k**2 + 49038*k + 2110489. Determine y(-43).
6
Let w(b) = -b**2 - 23*b + 570. Calculate w(-37).
52
Let z(g) = -g**3 + 46*g**2 - 40*g - 1975. What is z(44)?
137
Let m(n) = 7*n**3 + 290*n**2 + 126*n + 87. Calculate m(-41).
-36
Let p(u) = -125665*u - 628336. Give p(-5).
-11
Let q(p) = 7*p**2 - 3251*p + 227813. What is q(86)?
-1
Let k(y) = -5*y**3 + 6*y**2 - 3*y. Determine k(6).
-882
Let i(q) = -11*q**3 - 138*q**2 - 10*q - 9. Give i(-1).
-126
Let u(y) = 2600*y - 847596. Give u(326).
4
Let m(y) = 98*y**3 + 8*y**2 + 28*y - 1. Give m(3).
2801
Let s(y) = 2*y**3 + 146*y**2 - 2429*y - 192620. Determine s(-71).
3
Let q(u) = -2*u**3 - 5*u**2 + 144*u - 543. Give q(4).
-175
Let n(b) = b**3 + 41*b**2 - 714*b + 52. Calculate n(11).
-1510
Let c(o) = 7*o**2 - 157*o - 3889. Calculate c(-23).
3425
Let n(q) = 1048514*q - 57. Determine n(0).
-57
Let s(m) = -3*m**2 + 650*m - 32914. Give s(80).
-114
Let p(s) = -1777*s + 10676. Determine p(6).
14
Let m(u) = 1013*u + 100300. Calculate m(-99).
13
Let y(v) = 4*v**3 - 152*v**2 + 91*v - 24. Determine y(37).
-2133
Let j(f) = 5131*f + 440741. Give j(-86).
-525
Let y(t) = t**3 - 108*t**2 + 835*t - 3497. What is y(100)?
3
Let i(q) = -211223*q - 2957127. Give i(-14).
-5
Let r(z) = 23*z**2 + 107*z - 171. What is r(-5)?
-131
Let p(x) = 166*x**2 + 375*x + 87. Calculate p(-2).
1
Let n(t) = -7429*t - 22264. What is n(-3)?
23
Let j(m) = m**3 - 162*m**2 - 1725*m + 297. What is j(172)?
-563
Let d(n) = 42*n - 27616. Give d(658).
20
Let a(x) = -6*x**2 + 13256*x + 93087. Give a(-7).
1
Let k(v) = 2*v**2 - 575*v + 41253. What is k(138)?
-9
Let o(u) = -5*u**3 - 50*u**2 + 151*u + 1505. Calculate o(-10).
-5
Let z(v) = -39420*v - 1064148. What is z(-27)?
192
Let l(i) = -i**2 - 21*i + 5173. Determine l(61).
171
Let z(y) = -4*y**3 - 39*y**2 - 125*y + 31. Calculate z(-9).
913
Let r(y) = y**3 - 57*y**2 + 58*y - 328. Give r(56).
-216
Let u(y) = 169*y - 2853. Determine u(23).
1034
Let q(r) = 5*r**2 + 748*r - 3945. Determine q(5).
-80
Let s(u) = 90*u**3 + 3689*u**2 - 44*u - 99. 